{"id":578,"date":"2019-03-29T15:16:48","date_gmt":"2019-03-29T14:16:48","guid":{"rendered":"http:\/\/www.bsforma.com\/bsf\/?page_id=578"},"modified":"2026-04-09T16:15:54","modified_gmt":"2026-04-09T14:15:54","slug":"catalogue-de-formations","status":"publish","type":"page","link":"http:\/\/www.bsforma.com\/bsf\/catalogue-de-formations\/","title":{"rendered":"Catalogue de Formations"},"content":{"rendered":"<p>[vc_row][vc_column][vc_single_image image=\u00a0\u00bb386&Prime; img_size=\u00a0\u00bbfull\u00a0\u00bb][vc_empty_space height=\u00a0\u00bb40px\u00a0\u00bb][vc_column_text]<\/p>\n<p class=\"_04xlpA direction-ltr align-start para-style-body\"><span class=\"JsGRdQ\">Nous vous proposons<\/span> <span class=\"JsGRdQ\">3 types de formations accessibles :<\/span><\/p>\n<ul>\n<li class=\"_04xlpA direction-ltr align-start para-style-body\"><span class=\"JsGRdQ\">Formation pr\u00e9sentielle,<\/span><\/li>\n<li class=\"_04xlpA direction-ltr align-start para-style-body\"><span class=\"JsGRdQ\">Formation mixte.<\/span><\/li>\n<li class=\"_04xlpA direction-ltr align-start para-style-body\"><span class=\"JsGRdQ\">Formation \u00e0 distance.<\/span><\/li>\n<\/ul>\n<ol>\n<li class=\"_04xlpA direction-ltr align-start para-style-body\"><span class=\"JsGRdQ\">Pour les formation\u00a0 en langue dans le cadre du dispositif de CPF, Nous vous proposons minimum 10 heures de formation en\u00a0 pr\u00e9sentiel avec l&rsquo;accompagnement d&rsquo;un formateur qualifi\u00e9.<\/span><\/li>\n<li>pour la formation \u00e0 distance: Les outils de visio-conf\u00e9rence disponibles sont les suivants : Zoom, WeChat, Hangouts, Google Meet, Skype.QQ classe&#8230;<br \/>\nen g\u00e9n\u00e9rale,\u00a0 un \u00e9cran partag\u00e9 et les outils de transmission de fichiers p\u00e9dagogiques sont exig\u00e9s.<\/li>\n<li>\u00a0pour la formation\u00a0 &lt;le blended-learning&gt;, soit une partie de la formation \u00e0 distance et une partie en pr\u00e9sentiel.<\/li>\n<\/ol>\n<p>En fonction du nombre de stagiaires, nous organisons aussi deux types de formation:<br \/>\n1. Inter-entreprise : salari\u00e9s d&rsquo;entreprises diff\u00e9rentes<br \/>\n2. Intra-entreprise : salari\u00e9s d&rsquo;une m\u00eame entreprise<br \/>\nLes tarifs sont diff\u00e9renci\u00e9s.<br \/>\nvoici les formations pour 2025 avec les tarifs<br \/>\nainsi que le planning de formation.[\/vc_column_text][vc_empty_space height=\u00a0\u00bb30px\u00a0\u00bb][vc_separator][vc_empty_space height=\u00a0\u00bb30px\u00a0\u00bb][\/vc_column][\/vc_row][vc_row][vc_column width=\u00a0\u00bb1\/3&Prime;][vc_single_image image=\u00a0\u00bb1874&Prime; alignment=\u00a0\u00bbcenter\u00a0\u00bb onclick=\u00a0\u00bbcustom_link\u00a0\u00bb img_link_target=\u00a0\u00bb_blank\u00a0\u00bb link=\u00a0\u00bbhttp:\/\/www.bsforma.com\/bsf\/wp-content\/uploads\/2026\/04\/its-my-classic-21.png\u00a0\u00bb][\/vc_column][vc_column width=\u00a0\u00bb1\/3&Prime;][vc_single_image image=\u00a0\u00bb1480&Prime; alignment=\u00a0\u00bbcenter\u00a0\u00bb onclick=\u00a0\u00bbcustom_link\u00a0\u00bb img_link_target=\u00a0\u00bb_blank\u00a0\u00bb link=\u00a0\u00bbhttp:\/\/www.bsforma.com\/bsf\/tarif\/\u00a0\u00bb][\/vc_column][vc_column width=\u00a0\u00bb1\/3&Prime;][vc_single_image image=\u00a0\u00bb1478&Prime; alignment=\u00a0\u00bbcenter\u00a0\u00bb onclick=\u00a0\u00bbcustom_link\u00a0\u00bb img_link_target=\u00a0\u00bb_blank\u00a0\u00bb link=\u00a0\u00bbhttp:\/\/www.bsforma.com\/bsf\/wp-content\/uploads\/2025\/04\/catalogue-2025-BSF-.pdf\u00a0\u00bb][vc_column_text]<\/p>\n<h6>\u00a0 \u00a0 \u00a0 \u00a0 \u00a0 \u00a0 \u00a0\u00a0<a href=\"http:\/\/www.bsforma.com\/bsf\/\">Lien vers les programmes de formation<\/a><\/h6>\n<p>[\/vc_column_text][\/vc_column][\/vc_row][vc_row][vc_column][vc_empty_space][\/vc_column][\/vc_row]<\/p>\n","protected":false},"excerpt":{"rendered":"<p>[vc_row][vc_column][vc_single_image image=\u00a0\u00bb386&Prime; img_size=\u00a0\u00bbfull\u00a0\u00bb][vc_empty_space height=\u00a0\u00bb40px\u00a0\u00bb][vc_column_text] Nous vous proposons 3 types de formations accessibles : Formation pr\u00e9sentielle, Formation mixte. Formation \u00e0 distance. Pour les formation\u00a0 en langue dans le cadre du dispositif de CPF, Nous vous proposons minimum 10 heures de formation en\u00a0 pr\u00e9sentiel avec l&rsquo;accompagnement d&rsquo;un formateur qualifi\u00e9. pour la formation \u00e0 distance: Les outils de [&hellip;]<\/p>\n","protected":false},"author":2,"featured_media":0,"parent":0,"menu_order":0,"comment_status":"closed","ping_status":"closed","template":"","meta":{"footnotes":""},"class_list":["post-578","page","type-page","status-publish","hentry","no-post-thumbnail"],"_links":{"self":[{"href":"http:\/\/www.bsforma.com\/bsf\/wp-json\/wp\/v2\/pages\/578"}],"collection":[{"href":"http:\/\/www.bsforma.com\/bsf\/wp-json\/wp\/v2\/pages"}],"about":[{"href":"http:\/\/www.bsforma.com\/bsf\/wp-json\/wp\/v2\/types\/page"}],"author":[{"embeddable":true,"href":"http:\/\/www.bsforma.com\/bsf\/wp-json\/wp\/v2\/users\/2"}],"replies":[{"embeddable":true,"href":"http:\/\/www.bsforma.com\/bsf\/wp-json\/wp\/v2\/comments?post=578"}],"version-history":[{"count":74,"href":"http:\/\/www.bsforma.com\/bsf\/wp-json\/wp\/v2\/pages\/578\/revisions"}],"predecessor-version":[{"id":1878,"href":"http:\/\/www.bsforma.com\/bsf\/wp-json\/wp\/v2\/pages\/578\/revisions\/1878"}],"wp:attachment":[{"href":"http:\/\/www.bsforma.com\/bsf\/wp-json\/wp\/v2\/media?parent=578"}],"curies":[{"name":"wp","href":"https:\/\/api.w.org\/{rel}","templated":true}]}}

<p>[vc_row][vc_column][vc_single_image image= »386&Prime; img_size= »full »][vc_empty_space height= »40px »][vc_column_text]</p>
<p class="_04xlpA direction-ltr align-start para-style-body"><span class="JsGRdQ">Nous vous proposons</span> <span class="JsGRdQ">3 types de formations accessibles :</span></p>
<ul>
<li class="_04xlpA direction-ltr align-start para-style-body"><span class="JsGRdQ">Formation présentielle,</span></li>
<li class="_04xlpA direction-ltr align-start para-style-body"><span class="JsGRdQ">Formation mixte.</span></li>
<li class="_04xlpA direction-ltr align-start para-style-body"><span class="JsGRdQ">Formation à distance.</span></li>
</ul>
<ol>
<li class="_04xlpA direction-ltr align-start para-style-body"><span class="JsGRdQ">Pour les formation  en langue dans le cadre du dispositif de CPF, Nous vous proposons minimum 10 heures de formation en  présentiel avec l&rsquo;accompagnement d&rsquo;un formateur qualifié.</span></li>
<li>pour la formation à distance: Les outils de visio-conférence disponibles sont les suivants : Zoom, WeChat, Hangouts, Google Meet, Skype.QQ classe&#8230;<br />
en générale,  un écran partagé et les outils de transmission de fichiers pédagogiques sont exigés.</li>
<li> pour la formation  &lt;le blended-learning&gt;, soit une partie de la formation à distance et une partie en présentiel.</li>
</ol>
<p>En fonction du nombre de stagiaires, nous organisons aussi deux types de formation:<br />
1. Inter-entreprise : salariés d&rsquo;entreprises différentes<br />
2. Intra-entreprise : salariés d&rsquo;une même entreprise<br />
Les tarifs sont différenciés.<br />
voici les formations pour 2025 avec les tarifs<br />
ainsi que le planning de formation.[/vc_column_text][vc_empty_space height= »30px »][vc_separator][vc_empty_space height= »30px »][/vc_column][/vc_row][vc_row][vc_column width= »1/3&Prime;][vc_single_image image= »1874&Prime; alignment= »center » onclick= »custom_link » img_link_target= »_blank » link= »http://www.bsforma.com/bsf/wp-content/uploads/2026/04/its-my-classic-21.png »][/vc_column][vc_column width= »1/3&Prime;][vc_single_image image= »1480&Prime; alignment= »center » onclick= »custom_link » img_link_target= »_blank » link= »http://www.bsforma.com/bsf/tarif/ »][/vc_column][vc_column width= »1/3&Prime;][vc_single_image image= »1478&Prime; alignment= »center » onclick= »custom_link » img_link_target= »_blank » link= »http://www.bsforma.com/bsf/wp-content/uploads/2025/04/catalogue-2025-BSF-.pdf »][vc_column_text]</p>
<h6>              <a href="http://www.bsforma.com/bsf/">Lien vers les programmes de formation</a></h6>
<p>[/vc_column_text][/vc_column][/vc_row][vc_row][vc_column][vc_empty_space][/vc_column][/vc_row]</p>

<p>[vc_row][vc_column][vc_single_image image= »386&Prime; img_size= »full »][vc_empty_space height= »40px »][vc_column_text] Nous vous proposons 3 types de formations accessibles : Formation présentielle, Formation mixte. Formation à distance. Pour les formation  en langue dans le cadre du dispositif de CPF, Nous vous proposons minimum 10 heures de formation en  présentiel avec l&rsquo;accompagnement d&rsquo;un formateur qualifié. pour la formation à distance: Les outils de [&hellip;]</p>
