{"id":496,"date":"2019-02-06T13:38:59","date_gmt":"2019-02-06T12:38:59","guid":{"rendered":"http:\/\/www.bsforma.com\/bsf\/?page_id=496"},"modified":"2019-04-15T15:19:45","modified_gmt":"2019-04-15T13:19:45","slug":"plan-de-formation","status":"publish","type":"page","link":"http:\/\/www.bsforma.com\/bsf\/plan-de-formation\/","title":{"rendered":"Pour entreprises"},"content":{"rendered":"<p>[vc_row][vc_column][vc_row_inner][vc_column_inner width=\u00a0\u00bb1\/6&Prime;][\/vc_column_inner][vc_column_inner width=\u00a0\u00bb2\/3&Prime;][vc_column_text]<\/p>\n<h3 class=\"no-margin-top\" style=\"text-align: center;\">Formation entreprise<\/h3>\n<p>[\/vc_column_text][\/vc_column_inner][vc_column_inner width=\u00a0\u00bb1\/6&Prime;][\/vc_column_inner][\/vc_row_inner][vc_empty_space height=\u00a0\u00bb40px\u00a0\u00bb][vc_row_inner][vc_column_inner width=\u00a0\u00bb1\/2&Prime;][vc_column_text]\u00c0 partir du 1er janvier 2019, le plan de d\u00e9veloppement des comp\u00e9tences remplace le plan de formation.<\/p>\n<p>Le plan de d\u00e9veloppement des comp\u00e9tences est un outil de gestion des ressources humaines b\u00e2ti en fonction de strat\u00e9gie de l&rsquo;entreprise et des besoins. Il facilite l&rsquo;anticipation et l&rsquo;organisation des actions de formation.<\/p>\n<p class=\"SCNT\" align=\"justify\">Dans le cas du plan de formation, la formation est \u00e0 l&rsquo;initiative de l&#8217;employeur. Puisque la formation n\u2019est pas obligatoire, le plan de formation n\u2019existe pas dans toutes les entreprises.<\/p>\n<p class=\"SCNT\" align=\"justify\">Le plan de formation comprend 2 types d\u2019actions :<\/p>\n<ul>\n<li class=\"SCNT\">les actions pour le d\u00e9veloppement des comp\u00e9tences des salari\u00e9s.<\/li>\n<li>les actions d\u2019adaptation au poste de travail ou li\u00e9es \u00e0 l\u2019\u00e9volution des emplois, et en faveur du maintien de l\u2019emploi dans l&rsquo;entreprise.<\/li>\n<\/ul>\n<ul class=\"SCNT\">\n<li style=\"list-style-type: none;\"><\/li>\n<\/ul>\n<p class=\"SCNT\" align=\"justify\">Les formations organis\u00e9es par l\u2019entreprise sont regroup\u00e9es dans un plan de formation.<\/p>\n<p>[\/vc_column_text][\/vc_column_inner][vc_column_inner width=\u00a0\u00bb1\/2&Prime;][vc_single_image image=\u00a0\u00bb382&Prime; img_size=\u00a0\u00bbfull\u00a0\u00bb][\/vc_column_inner][\/vc_row_inner][vc_empty_space height=\u00a0\u00bb60px\u00a0\u00bb][\/vc_column][\/vc_row]<\/p>\n","protected":false},"excerpt":{"rendered":"<p>[vc_row][vc_column][vc_row_inner][vc_column_inner width=\u00a0\u00bb1\/6&Prime;][\/vc_column_inner][vc_column_inner width=\u00a0\u00bb2\/3&Prime;][vc_column_text] Formation entreprise [\/vc_column_text][\/vc_column_inner][vc_column_inner width=\u00a0\u00bb1\/6&Prime;][\/vc_column_inner][\/vc_row_inner][vc_empty_space height=\u00a0\u00bb40px\u00a0\u00bb][vc_row_inner][vc_column_inner width=\u00a0\u00bb1\/2&Prime;][vc_column_text]\u00c0 partir du 1er janvier 2019, le plan de d\u00e9veloppement des comp\u00e9tences remplace le plan de formation. Le plan de d\u00e9veloppement des comp\u00e9tences est un outil de gestion des ressources humaines b\u00e2ti en fonction de strat\u00e9gie de l&rsquo;entreprise et des besoins. Il facilite l&rsquo;anticipation et l&rsquo;organisation des [&hellip;]<\/p>\n","protected":false},"author":1,"featured_media":0,"parent":0,"menu_order":0,"comment_status":"closed","ping_status":"closed","template":"","meta":{"footnotes":""},"class_list":["post-496","page","type-page","status-publish","hentry","no-post-thumbnail"],"_links":{"self":[{"href":"http:\/\/www.bsforma.com\/bsf\/wp-json\/wp\/v2\/pages\/496"}],"collection":[{"href":"http:\/\/www.bsforma.com\/bsf\/wp-json\/wp\/v2\/pages"}],"about":[{"href":"http:\/\/www.bsforma.com\/bsf\/wp-json\/wp\/v2\/types\/page"}],"author":[{"embeddable":true,"href":"http:\/\/www.bsforma.com\/bsf\/wp-json\/wp\/v2\/users\/1"}],"replies":[{"embeddable":true,"href":"http:\/\/www.bsforma.com\/bsf\/wp-json\/wp\/v2\/comments?post=496"}],"version-history":[{"count":6,"href":"http:\/\/www.bsforma.com\/bsf\/wp-json\/wp\/v2\/pages\/496\/revisions"}],"predecessor-version":[{"id":1469,"href":"http:\/\/www.bsforma.com\/bsf\/wp-json\/wp\/v2\/pages\/496\/revisions\/1469"}],"wp:attachment":[{"href":"http:\/\/www.bsforma.com\/bsf\/wp-json\/wp\/v2\/media?parent=496"}],"curies":[{"name":"wp","href":"https:\/\/api.w.org\/{rel}","templated":true}]}}

<p>[vc_row][vc_column][vc_row_inner][vc_column_inner width= »1/6&Prime;][/vc_column_inner][vc_column_inner width= »2/3&Prime;][vc_column_text]</p>
<h3 class="no-margin-top" style="text-align: center;">Formation entreprise</h3>
<p>[/vc_column_text][/vc_column_inner][vc_column_inner width= »1/6&Prime;][/vc_column_inner][/vc_row_inner][vc_empty_space height= »40px »][vc_row_inner][vc_column_inner width= »1/2&Prime;][vc_column_text]À partir du 1er janvier 2019, le plan de développement des compétences remplace le plan de formation.</p>
<p>Le plan de développement des compétences est un outil de gestion des ressources humaines bâti en fonction de stratégie de l&rsquo;entreprise et des besoins. Il facilite l&rsquo;anticipation et l&rsquo;organisation des actions de formation.</p>
<p class="SCNT" align="justify">Dans le cas du plan de formation, la formation est à l&rsquo;initiative de l&#8217;employeur. Puisque la formation n’est pas obligatoire, le plan de formation n’existe pas dans toutes les entreprises.</p>
<p class="SCNT" align="justify">Le plan de formation comprend 2 types d’actions :</p>
<ul>
<li class="SCNT">les actions pour le développement des compétences des salariés.</li>
<li>les actions d’adaptation au poste de travail ou liées à l’évolution des emplois, et en faveur du maintien de l’emploi dans l&rsquo;entreprise.</li>
</ul>
<ul class="SCNT">
<li style="list-style-type: none;"></li>
</ul>
<p class="SCNT" align="justify">Les formations organisées par l’entreprise sont regroupées dans un plan de formation.</p>
<p>[/vc_column_text][/vc_column_inner][vc_column_inner width= »1/2&Prime;][vc_single_image image= »382&Prime; img_size= »full »][/vc_column_inner][/vc_row_inner][vc_empty_space height= »60px »][/vc_column][/vc_row]</p>

<p>[vc_row][vc_column][vc_row_inner][vc_column_inner width= »1/6&Prime;][/vc_column_inner][vc_column_inner width= »2/3&Prime;][vc_column_text] Formation entreprise [/vc_column_text][/vc_column_inner][vc_column_inner width= »1/6&Prime;][/vc_column_inner][/vc_row_inner][vc_empty_space height= »40px »][vc_row_inner][vc_column_inner width= »1/2&Prime;][vc_column_text]À partir du 1er janvier 2019, le plan de développement des compétences remplace le plan de formation. Le plan de développement des compétences est un outil de gestion des ressources humaines bâti en fonction de stratégie de l&rsquo;entreprise et des besoins. Il facilite l&rsquo;anticipation et l&rsquo;organisation des [&hellip;]</p>
