{"id":490,"date":"2019-02-06T13:00:34","date_gmt":"2019-02-06T12:00:34","guid":{"rendered":"http:\/\/www.bsforma.com\/bsf\/?page_id=490"},"modified":"2019-02-06T13:00:38","modified_gmt":"2019-02-06T12:00:38","slug":"formation-continue","status":"publish","type":"page","link":"http:\/\/www.bsforma.com\/bsf\/formation-continue\/","title":{"rendered":"Formation continue"},"content":{"rendered":"<p>[vc_row][vc_column][vc_row_inner][vc_column_inner width=\u00a0\u00bb1\/6&Prime;][\/vc_column_inner][vc_column_inner width=\u00a0\u00bb2\/3&Prime;][vc_column_text]<\/p>\n<h3 class=\"no-margin-top\" style=\"text-align: center;\">Formation continue<\/h3>\n<p>[\/vc_column_text][\/vc_column_inner][vc_column_inner width=\u00a0\u00bb1\/6&Prime;][\/vc_column_inner][\/vc_row_inner][vc_empty_space height=\u00a0\u00bb40px\u00a0\u00bb][vc_row_inner][vc_column_inner width=\u00a0\u00bb1\/2&Prime;][vc_column_text]<\/p>\n<p class=\"SCNT\" align=\"justify\">L\u2019acc\u00e8s \u00e0 la formation est un enjeu majeur pour la soci\u00e9t\u00e9 fran\u00e7aise et l\u2019Europe dans son ensemble qui en a fait une priorit\u00e9 dans le cadre des objectifs de Lisbonne et de Copenhague.<\/p>\n<p class=\"SCNT\" align=\"justify\">La formation professionnelle doit notamment permettre ainsi de concourir \u00e0 l\u2019objectif pour chaque salari\u00e9 de progresser d\u2019au moins un niveau de qualification au cours de sa vie professionnelle.<\/p>\n<p class=\"SCNT\" align=\"justify\">Dans les entreprises ayant plus un an d\u2019existence, les dirigeants et les employ\u00e9s sont en droit de solliciter une formation.<\/p>\n<p class=\"SCNT\" align=\"justify\">L\u2019entreprise peut, selon ses besoins, choisir librement un centre de formation pour assurer la formation du personnel. En tant que centre de formation, nous d\u00e9finissons \u00e0 vos c\u00f4t\u00e9s les formations adapt\u00e9es \u00e0 votre situation, et nous vous assistons dans vos d\u00e9marches administratives.<\/p>\n<p class=\"SCNT\" align=\"justify\">L&rsquo;article 244 quater M du code g\u00e9n\u00e9ral des imp\u00f4ts instaure un cr\u00e9dit d&rsquo;imp\u00f4t au profit des entreprises ou soci\u00e9t\u00e9s dont le chef d&rsquo;entreprise (entrepreneur individuel, g\u00e9rant de soci\u00e9t\u00e9, pr\u00e9sident, directeur g\u00e9n\u00e9ral, administrateur ou membre de soci\u00e9t\u00e9s par actions) suit une formation entrant dans le champ d&rsquo;application de la formation professionnelle continue.<\/p>\n<p>[\/vc_column_text][\/vc_column_inner][vc_column_inner width=\u00a0\u00bb1\/2&Prime;][vc_single_image image=\u00a0\u00bb340&Prime; img_size=\u00a0\u00bbfull\u00a0\u00bb][\/vc_column_inner][\/vc_row_inner][vc_empty_space height=\u00a0\u00bb60px\u00a0\u00bb][\/vc_column][\/vc_row]<\/p>\n","protected":false},"excerpt":{"rendered":"<p>[vc_row][vc_column][vc_row_inner][vc_column_inner width=\u00a0\u00bb1\/6&Prime;][\/vc_column_inner][vc_column_inner width=\u00a0\u00bb2\/3&Prime;][vc_column_text] Formation continue [\/vc_column_text][\/vc_column_inner][vc_column_inner width=\u00a0\u00bb1\/6&Prime;][\/vc_column_inner][\/vc_row_inner][vc_empty_space height=\u00a0\u00bb40px\u00a0\u00bb][vc_row_inner][vc_column_inner width=\u00a0\u00bb1\/2&Prime;][vc_column_text] L\u2019acc\u00e8s \u00e0 la formation est un enjeu majeur pour la soci\u00e9t\u00e9 fran\u00e7aise et l\u2019Europe dans son ensemble qui en a fait une priorit\u00e9 dans le cadre des objectifs de Lisbonne et de Copenhague. La formation professionnelle doit notamment permettre ainsi de concourir \u00e0 l\u2019objectif pour chaque [&hellip;]<\/p>\n","protected":false},"author":1,"featured_media":0,"parent":0,"menu_order":0,"comment_status":"closed","ping_status":"closed","template":"","meta":{"footnotes":""},"class_list":["post-490","page","type-page","status-publish","hentry","no-post-thumbnail"],"_links":{"self":[{"href":"http:\/\/www.bsforma.com\/bsf\/wp-json\/wp\/v2\/pages\/490"}],"collection":[{"href":"http:\/\/www.bsforma.com\/bsf\/wp-json\/wp\/v2\/pages"}],"about":[{"href":"http:\/\/www.bsforma.com\/bsf\/wp-json\/wp\/v2\/types\/page"}],"author":[{"embeddable":true,"href":"http:\/\/www.bsforma.com\/bsf\/wp-json\/wp\/v2\/users\/1"}],"replies":[{"embeddable":true,"href":"http:\/\/www.bsforma.com\/bsf\/wp-json\/wp\/v2\/comments?post=490"}],"version-history":[{"count":2,"href":"http:\/\/www.bsforma.com\/bsf\/wp-json\/wp\/v2\/pages\/490\/revisions"}],"predecessor-version":[{"id":492,"href":"http:\/\/www.bsforma.com\/bsf\/wp-json\/wp\/v2\/pages\/490\/revisions\/492"}],"wp:attachment":[{"href":"http:\/\/www.bsforma.com\/bsf\/wp-json\/wp\/v2\/media?parent=490"}],"curies":[{"name":"wp","href":"https:\/\/api.w.org\/{rel}","templated":true}]}}

<p>[vc_row][vc_column][vc_row_inner][vc_column_inner width= »1/6&Prime;][/vc_column_inner][vc_column_inner width= »2/3&Prime;][vc_column_text]</p>
<h3 class="no-margin-top" style="text-align: center;">Formation continue</h3>
<p>[/vc_column_text][/vc_column_inner][vc_column_inner width= »1/6&Prime;][/vc_column_inner][/vc_row_inner][vc_empty_space height= »40px »][vc_row_inner][vc_column_inner width= »1/2&Prime;][vc_column_text]</p>
<p class="SCNT" align="justify">L’accès à la formation est un enjeu majeur pour la société française et l’Europe dans son ensemble qui en a fait une priorité dans le cadre des objectifs de Lisbonne et de Copenhague.</p>
<p class="SCNT" align="justify">La formation professionnelle doit notamment permettre ainsi de concourir à l’objectif pour chaque salarié de progresser d’au moins un niveau de qualification au cours de sa vie professionnelle.</p>
<p class="SCNT" align="justify">Dans les entreprises ayant plus un an d’existence, les dirigeants et les employés sont en droit de solliciter une formation.</p>
<p class="SCNT" align="justify">L’entreprise peut, selon ses besoins, choisir librement un centre de formation pour assurer la formation du personnel. En tant que centre de formation, nous définissons à vos côtés les formations adaptées à votre situation, et nous vous assistons dans vos démarches administratives.</p>
<p class="SCNT" align="justify">L&rsquo;article 244 quater M du code général des impôts instaure un crédit d&rsquo;impôt au profit des entreprises ou sociétés dont le chef d&rsquo;entreprise (entrepreneur individuel, gérant de société, président, directeur général, administrateur ou membre de sociétés par actions) suit une formation entrant dans le champ d&rsquo;application de la formation professionnelle continue.</p>
<p>[/vc_column_text][/vc_column_inner][vc_column_inner width= »1/2&Prime;][vc_single_image image= »340&Prime; img_size= »full »][/vc_column_inner][/vc_row_inner][vc_empty_space height= »60px »][/vc_column][/vc_row]</p>

<p>[vc_row][vc_column][vc_row_inner][vc_column_inner width= »1/6&Prime;][/vc_column_inner][vc_column_inner width= »2/3&Prime;][vc_column_text] Formation continue [/vc_column_text][/vc_column_inner][vc_column_inner width= »1/6&Prime;][/vc_column_inner][/vc_row_inner][vc_empty_space height= »40px »][vc_row_inner][vc_column_inner width= »1/2&Prime;][vc_column_text] L’accès à la formation est un enjeu majeur pour la société française et l’Europe dans son ensemble qui en a fait une priorité dans le cadre des objectifs de Lisbonne et de Copenhague. La formation professionnelle doit notamment permettre ainsi de concourir à l’objectif pour chaque [&hellip;]</p>
