{"id":469,"date":"2019-02-06T02:06:42","date_gmt":"2019-02-06T01:06:42","guid":{"rendered":"http:\/\/www.bsforma.com\/bsf\/?page_id=469"},"modified":"2025-10-11T13:56:37","modified_gmt":"2025-10-11T11:56:37","slug":"notre-equipe","status":"publish","type":"page","link":"http:\/\/www.bsforma.com\/bsf\/who-we-are\/notre-equipe\/","title":{"rendered":"Notre \u00e9quipe"},"content":{"rendered":"<p>[vc_row][vc_column]\n\t<div class=\"member  has-image\">\n\t\t\n\t\t<div class=\"member-image\">\n\t\t\t<img decoding=\"async\" src=\"http:\/\/www.bsforma.com\/bsf\/wp-content\/uploads\/2019\/02\/pic_poissonier.jpg\" alt=\"L&#039;\u00e9quipe fran\u00e7aise\" \/>\n\t\t<\/div>\n\t\n\t\t<div class=\"member-info\">\n\t\t\t<h3 class=\"member-name\">L&#039;\u00e9quipe fran\u00e7aise<\/h3><div class=\"member-subtitle\">Formateurs<\/div>\n\t\t\t<div class=\"member-desc\"><\/p>\n<ul>\n<li><strong><span style=\"color: #800000;\">M Christian Poissonnier<\/span><\/strong><br \/>\nFormateur en p\u00e2tisserie fran\u00e7aise et cuisine fran\u00e7aise, ancien chef p\u00e2tissier de h\u00f4tel Mercure<\/li>\n<li><strong><span style=\"color: #800000;\">MME Melika Wey<br \/>\n<\/span><\/strong>Formatrice exp\u00e9riment\u00e9e de 23 ans en HACCP et hygi\u00e8ne alimentaire,<br \/>\nDocuments uniques, gestion des risques professionnels<\/li>\n<\/ul>\n<p><\/div>\n\t\t\t\n\t\t<\/div>\n\t<\/div>\n\t<div class=\"member  has-image\">\n\t\t\n\t\t<div class=\"member-image\">\n\t\t\t<img decoding=\"async\" src=\"http:\/\/www.bsforma.com\/bsf\/wp-content\/uploads\/2019\/02\/pic_dieu.jpg\" alt=\"L&#039;\u00e9quipe fran\u00e7aise\" \/>\n\t\t<\/div>\n\t\n\t\t<div class=\"member-info\">\n\t\t\t<h3 class=\"member-name\">L&#039;\u00e9quipe fran\u00e7aise<\/h3><div class=\"member-subtitle\">Consultants<\/div>\n\t\t\t<div class=\"member-desc\"><\/p>\n<ul>\n<li><span style=\"color: #993300;\"><b>MME B\u00e9atrice T\u00e9l\u00e9maque<br \/>\n<\/b><\/span>Consultante en d\u00e9marche qualit\u00e9<\/li>\n<li><strong><span style=\"color: #800000;\">M Ludovic de Jouvencel<\/span><\/strong><br \/>\nIntervenant en programmation informatique<\/li>\n<\/ul>\n<p><\/div>\n\t\t\t\n\t\t<\/div>\n\t<\/div>\n\t<div class=\"member  has-image\">\n\t\t\n\t\t<div class=\"member-image\">\n\t\t\t<img decoding=\"async\" src=\"http:\/\/www.bsforma.com\/bsf\/wp-content\/uploads\/2019\/09\/pic_zhang-1.jpg\" alt=\"MME ALICE ZHANG\" \/>\n\t\t<\/div>\n\t\n\t\t<div class=\"member-info\">\n\t\t\t<h3 class=\"member-name\">MME ALICE ZHANG<\/h3>\n\t\t\t<div class=\"member-desc\"><b>Charg\u00e9e de la P\u00e9dagogie et de l&rsquo;Administration<\/b><br \/>\nDipl\u00f4m\u00e9e en Master \u00e0 l&rsquo;universit\u00e9 Paris 7, d\u00e9partement sant\u00e9 publique, sp\u00e9cialit\u00e9 \u00e9thique et droit de la sant\u00e9,<br \/>\nMaster en analyse d&rsquo;\u00e9conomie et de gestion des \u00e9tablissements de sant\u00e9<br \/>\nAncienne m\u00e9decin interne \u00e0 Guang Zhou en Chine<br \/>\nTitulaire d&rsquo;une attestation de formation en Hygi\u00e8ne et s\u00e9curit\u00e9 alimentaire, HACCP<\/div>\n\t\t\t\n\t\t<\/div>\n\t<\/div>\n\t<div class=\"member  has-image\">\n\t\t\n\t\t<div class=\"member-image\">\n\t\t\t<img decoding=\"async\" src=\"http:\/\/www.bsforma.com\/bsf\/wp-content\/uploads\/2019\/02\/pic_chu.jpg\" alt=\"MME Ching yung CHU\" \/>\n\t\t<\/div>\n\t\n\t\t<div class=\"member-info\">\n\t\t\t<h3 class=\"member-name\">MME Ching yung CHU<\/h3>\n\t\t\t<div class=\"member-desc\"><strong>Enseignante en langue fran\u00e7aise<br \/>\n<\/strong>Dipl\u00f4m\u00e9e de la Sorbonne Nouvelle(Paris III) en Technique de Communication<br \/>\nBilingue Fran\u00e7ais Chinois.<br \/>\n<strong>Ayant une exp\u00e9rience dans l&rsquo;enseignement de FLE +30 ans<\/strong><\/div>\n\t\t\t\n\t\t<\/div>\n\t<\/div>[\/vc_column][\/vc_row][vc_row][vc_column][\/vc_column][\/vc_row]<\/p>\n","protected":false},"excerpt":{"rendered":"<p>[vc_row][vc_column][\/vc_column][\/vc_row][vc_row][vc_column][\/vc_column][\/vc_row]<\/p>\n","protected":false},"author":1,"featured_media":0,"parent":7,"menu_order":0,"comment_status":"closed","ping_status":"closed","template":"","meta":{"footnotes":""},"class_list":["post-469","page","type-page","status-publish","hentry","no-post-thumbnail"],"_links":{"self":[{"href":"http:\/\/www.bsforma.com\/bsf\/wp-json\/wp\/v2\/pages\/469"}],"collection":[{"href":"http:\/\/www.bsforma.com\/bsf\/wp-json\/wp\/v2\/pages"}],"about":[{"href":"http:\/\/www.bsforma.com\/bsf\/wp-json\/wp\/v2\/types\/page"}],"author":[{"embeddable":true,"href":"http:\/\/www.bsforma.com\/bsf\/wp-json\/wp\/v2\/users\/1"}],"replies":[{"embeddable":true,"href":"http:\/\/www.bsforma.com\/bsf\/wp-json\/wp\/v2\/comments?post=469"}],"version-history":[{"count":29,"href":"http:\/\/www.bsforma.com\/bsf\/wp-json\/wp\/v2\/pages\/469\/revisions"}],"predecessor-version":[{"id":1838,"href":"http:\/\/www.bsforma.com\/bsf\/wp-json\/wp\/v2\/pages\/469\/revisions\/1838"}],"up":[{"embeddable":true,"href":"http:\/\/www.bsforma.com\/bsf\/wp-json\/wp\/v2\/pages\/7"}],"wp:attachment":[{"href":"http:\/\/www.bsforma.com\/bsf\/wp-json\/wp\/v2\/media?parent=469"}],"curies":[{"name":"wp","href":"https:\/\/api.w.org\/{rel}","templated":true}]}}