{"id":450,"date":"2019-02-06T00:19:05","date_gmt":"2019-02-05T23:19:05","guid":{"rendered":"http:\/\/www.bsforma.com\/bsf\/?page_id=450"},"modified":"2019-02-06T00:19:05","modified_gmt":"2019-02-05T23:19:05","slug":"le-mot-du-directeur","status":"publish","type":"page","link":"http:\/\/www.bsforma.com\/bsf\/le-mot-du-directeur\/","title":{"rendered":"Le mot du directeur"},"content":{"rendered":"<p>[vc_row][vc_column][vc_row_inner][vc_column_inner width=\u00a0\u00bb1\/6&Prime;][\/vc_column_inner][vc_column_inner width=\u00a0\u00bb2\/3&Prime;][vc_column_text]<\/p>\n<h1 style=\"text-align: center;\">Le mot du directeur<\/h1>\n<p>[\/vc_column_text][\/vc_column_inner][vc_column_inner width=\u00a0\u00bb1\/6&Prime;][\/vc_column_inner][\/vc_row_inner][vc_empty_space height=\u00a0\u00bb40px\u00a0\u00bb][vc_row_inner][vc_column_inner width=\u00a0\u00bb1\/2&Prime;][vc_column_text]<\/p>\n<p class=\"SCNT\" align=\"justify\">L\u2019apprentissage a toujours \u00e9t\u00e9 un enjeu majeur de l\u2019\u00e9volution humaine.<\/p>\n<p class=\"SCNT\" align=\"justify\">En effet, la transmission des connaissances et des exp\u00e9riences est \u00e0 la base de nos savoirs, qu\u2019ils soient culturels, scientifiques, \u00e9conomiques ou politiques, et donc de l\u2019existence m\u00eame de notre civilisation.<\/p>\n<p class=\"SCNT\" align=\"justify\">Les nouvelles sciences de l\u2019information en sont l\u2019aboutissement ultime car elles permettent de communiquer plus facilement notamment gr\u00e2ce \u00e0 la d\u00e9mocratisation de l\u2019Internet.<\/p>\n<p class=\"SCNT\" align=\"justify\">Les sciences du cosmos pour leur part invitent l\u2019homme \u00e0 consid\u00e9rer son univers beaucoup plus grand qu\u2019il ne pouvait l\u2019imaginer et font progresser nos connaissances sur le vivant ou encore sur la psychologie humaine\u2026<\/p>\n<p class=\"SCNT\" align=\"justify\">IL Y A DES PROVERBES FRAN\u00c7AIS ET CHINOIS :<\/p>\n<p class=\"SCNT\" align=\"justify\"><em>\u5341\u5e74\u6811\u6811\uff0c\u767e\u5e74\u6811\u4eba<\/em><br \/>\n<cite>Il faut 10 ans pour planter un arbre, mais il faut 100 ans pour \u00e9duquer l\u2019homme<\/cite><\/p>\n<p class=\"SCNT\" align=\"justify\">Cela veut dire qu&rsquo;on apprend tout le temps, \u00e0 tous les \u00e2ges. L\u2019apprentissage est une activit\u00e9 de longue dur\u00e9e. Dans notre vie, nous sommes perp\u00e9tuellement en situation de formation.<\/p>\n<p class=\"SCNT\" align=\"justify\"><em>\u6388\u4eba\u4e0e\u9c7c\uff0c\u4e0d\u5982\u6388\u4eba\u4e8e\u6e14\u3002<\/em><br \/>\n<cite>Au lieu de vous donner un poisson, mieux vaut vous enseigner la technique de la peche.<\/cite><\/p>\n<p class=\"SCNT\" align=\"justify\">Si tu donnes un poisson \u00e0 un homme,il mangera un jour, si tu lui apprend \u00e0 p\u00e8cher, il mangera toujours.<\/p>\n<p class=\"SCNT\" align=\"justify\">C\u2019est l\u00e0 toute la valeur de la formation.<\/p>\n<p class=\"SCNT\" align=\"justify\">A notre niveau, en tant qu\u2019organisme de formation, nous sommes tr\u00e8s enthousiastes \u00e0 l&rsquo;id\u00e9e de participer \u00e0 cette transmission des connaissances. C\u2019est la raison pour laquelle notre \u00e9quipe passionn\u00e9e met ses comp\u00e9tences au service des particuliers et des entreprises, que ce soient les TPE ou les plus grandes.<\/p>\n<p class=\"SCNT\" align=\"justify\">De fait, nous avons vocation \u00e0 valoriser les ressources humaines dans les soci\u00e9t\u00e9s, \u00e0 assister les salari\u00e9s afin de leur permettre d\u2019\u00e9voluer dans leur m\u00e9tier, d\u2019acqu\u00e9rir de nouvelles comp\u00e9tences, et de s\u2019adapter, que ce soit au march\u00e9 du travail, ou au pays dans lequel ils vivent.<\/p>\n<p class=\"SCNT\" align=\"justify\">D&rsquo;autant que nous vivons une \u00e9poque marqu\u00e9e par l&rsquo;apparition tr\u00e8s rapide de technologies nouvelles et de m\u00e9thodes de travail innovantes. Il est donc important pour tout un chacun de pouvoir s\u2019y former.<\/p>\n<p class=\"SCNT\" align=\"justify\">D\u2019ailleurs, il s\u2019agit aujourd\u2019hui d\u2019une demande des entreprises elles-m\u00eames qui trouvent leur int\u00e9r\u00eat \u00e0 ce que les travailleurs se forment et se cultivent afin de gagner en comp\u00e9tence et en efficacit\u00e9, mais aussi en motivation. Car la qualit\u00e9 de formation procure aux stagiaires une meilleure compr\u00e9hension de leur place dans l\u2019entreprise, une plus forte autonomie et par suite un sens accu des responsabilit\u00e9s.<\/p>\n<p class=\"SCNT\" align=\"justify\">Voil\u00e0 pourquoi nous ambitionnons de d\u00e9velopper encore notre activit\u00e9 afin de participer \u00e0 cette transformation de nos soci\u00e9t\u00e9s. Pour ce faire, nous pouvons compter sur une \u00e9quipe qui respecte la d\u00e9ontologie, et d\u00e9montre chaque jour son professionnalisme, et sa passion pour ce m\u00e9tier qui rev\u00eat une importance majeur dans la vie sociale.<\/p>\n<p>[\/vc_column_text][\/vc_column_inner][vc_column_inner width=\u00a0\u00bb1\/2&Prime;][vc_single_image image=\u00a0\u00bb396&Prime; img_size=\u00a0\u00bbfull\u00a0\u00bb][\/vc_column_inner][\/vc_row_inner][vc_empty_space height=\u00a0\u00bb60px\u00a0\u00bb][\/vc_column][\/vc_row]<\/p>\n","protected":false},"excerpt":{"rendered":"<p>[vc_row][vc_column][vc_row_inner][vc_column_inner width=\u00a0\u00bb1\/6&Prime;][\/vc_column_inner][vc_column_inner width=\u00a0\u00bb2\/3&Prime;][vc_column_text] Le mot du directeur [\/vc_column_text][\/vc_column_inner][vc_column_inner width=\u00a0\u00bb1\/6&Prime;][\/vc_column_inner][\/vc_row_inner][vc_empty_space height=\u00a0\u00bb40px\u00a0\u00bb][vc_row_inner][vc_column_inner width=\u00a0\u00bb1\/2&Prime;][vc_column_text] L\u2019apprentissage a toujours \u00e9t\u00e9 un enjeu majeur de l\u2019\u00e9volution humaine. En effet, la transmission des connaissances et des exp\u00e9riences est \u00e0 la base de nos savoirs, qu\u2019ils soient culturels, scientifiques, \u00e9conomiques ou politiques, et donc de l\u2019existence m\u00eame de notre civilisation. Les nouvelles sciences [&hellip;]<\/p>\n","protected":false},"author":1,"featured_media":0,"parent":0,"menu_order":0,"comment_status":"closed","ping_status":"closed","template":"","meta":{"footnotes":""},"class_list":["post-450","page","type-page","status-publish","hentry","no-post-thumbnail"],"_links":{"self":[{"href":"http:\/\/www.bsforma.com\/bsf\/wp-json\/wp\/v2\/pages\/450"}],"collection":[{"href":"http:\/\/www.bsforma.com\/bsf\/wp-json\/wp\/v2\/pages"}],"about":[{"href":"http:\/\/www.bsforma.com\/bsf\/wp-json\/wp\/v2\/types\/page"}],"author":[{"embeddable":true,"href":"http:\/\/www.bsforma.com\/bsf\/wp-json\/wp\/v2\/users\/1"}],"replies":[{"embeddable":true,"href":"http:\/\/www.bsforma.com\/bsf\/wp-json\/wp\/v2\/comments?post=450"}],"version-history":[{"count":2,"href":"http:\/\/www.bsforma.com\/bsf\/wp-json\/wp\/v2\/pages\/450\/revisions"}],"predecessor-version":[{"id":452,"href":"http:\/\/www.bsforma.com\/bsf\/wp-json\/wp\/v2\/pages\/450\/revisions\/452"}],"wp:attachment":[{"href":"http:\/\/www.bsforma.com\/bsf\/wp-json\/wp\/v2\/media?parent=450"}],"curies":[{"name":"wp","href":"https:\/\/api.w.org\/{rel}","templated":true}]}}