{"id":11,"date":"2016-04-12T10:03:33","date_gmt":"2016-04-12T10:03:33","guid":{"rendered":"http:\/\/www.bsforma.com\/bsf\/?page_id=11"},"modified":"2022-06-09T12:37:46","modified_gmt":"2022-06-09T10:37:46","slug":"training-programs","status":"publish","type":"page","link":"http:\/\/www.bsforma.com\/bsf\/training-programs\/","title":{"rendered":"Pour Salari\u00e9"},"content":{"rendered":"<p>[vc_row][vc_column][vc_row_inner][vc_column_inner width=\u00a0\u00bb1\/6&Prime;][\/vc_column_inner][vc_column_inner width=\u00a0\u00bb2\/3&Prime;][vc_column_text]<\/p>\n<h3 class=\"no-margin-top\" style=\"text-align: center;\">CPF<\/h3>\n<p>[\/vc_column_text][\/vc_column_inner][vc_column_inner width=\u00a0\u00bb1\/6&Prime;][\/vc_column_inner][\/vc_row_inner][vc_empty_space height=\u00a0\u00bb40px\u00a0\u00bb][vc_row_inner][vc_column_inner width=\u00a0\u00bb1\/2&Prime;][vc_column_text]<\/p>\n<p class=\"SCNT\" align=\"justify\">Le compte personnel de formation (CPF),<\/p>\n<p>le CPF recense les informations suivantes\u00a0:<\/p>\n<ul>\n<li>Droits acquis tout au long de votre vie active et jusqu&rsquo;\u00e0 votre d\u00e9part \u00e0 la retraite<\/li>\n<li>Formations dont vous pouvez b\u00e9n\u00e9ficier personnellement.<\/li>\n<\/ul>\n<p>Le compte personnel de formation (CPF) est accessible sur le t\u00e9l\u00e9service Mon compte formation.<\/p>\n<p>Le CPF est aliment\u00e9 automatiquement au d\u00e9but de l&rsquo;ann\u00e9e qui suit l&rsquo;ann\u00e9e travaill\u00e9e.<\/p>\n<div class=\"bloc-exemple\">\n<p class=\"exemple-content\"><span class=\"exemple-title\">Exemple\u00a0:<\/span><\/p>\n<p>Les droits acquis en 2021 sont disponibles au 1<sup>er<\/sup>\u00a0trimestre 2022.<\/p>\n<\/div>\n<p>Les droits restent acquis m\u00eame si vous changez d&#8217;employeur ou que vous perdez votre emploi.<\/p>\n<div>\n<h3 class=\"fiche-title-1\">Alimentation<\/h3>\n<p>Si vous \u00eates \u00e0 temps plein, ou au moins \u00e0 mi-temps, l&rsquo;alimentation de votre compte se fait \u00e0 hauteur de\u00a0<span class=\"prix\">500\u00a0\u20ac<\/span>\u00a0par ann\u00e9e de travail jusqu&rsquo;\u00e0 atteindre\u00a0<span class=\"prix\">5 000\u00a0\u20ac<\/span>\u00a0maximum.<\/p>\n<\/div>\n<p class=\"SCNT\" align=\"justify\">Pour un salari\u00e9 \u00e0 temps partiel, l&rsquo;alimentation du compte est calcul\u00e9e proportionnellement au temps de travail effectu\u00e9, sous r\u00e9serve de dispositions plus favorables pr\u00e9vues par un accord collectif d&rsquo;entreprise ou de branche.<\/p>\n<p>[\/vc_column_text][\/vc_column_inner][vc_column_inner width=\u00a0\u00bb1\/2&Prime;][vc_single_image image=\u00a0\u00bb382&Prime; img_size=\u00a0\u00bbfull\u00a0\u00bb][\/vc_column_inner][\/vc_row_inner][vc_empty_space height=\u00a0\u00bb60px\u00a0\u00bb][\/vc_column][\/vc_row]<\/p>\n","protected":false},"excerpt":{"rendered":"<p>[vc_row][vc_column][vc_row_inner][vc_column_inner width=\u00a0\u00bb1\/6&Prime;][\/vc_column_inner][vc_column_inner width=\u00a0\u00bb2\/3&Prime;][vc_column_text] CPF [\/vc_column_text][\/vc_column_inner][vc_column_inner width=\u00a0\u00bb1\/6&Prime;][\/vc_column_inner][\/vc_row_inner][vc_empty_space height=\u00a0\u00bb40px\u00a0\u00bb][vc_row_inner][vc_column_inner width=\u00a0\u00bb1\/2&Prime;][vc_column_text] Le compte personnel de formation (CPF), le CPF recense les informations suivantes\u00a0: Droits acquis tout au long de votre vie active et jusqu&rsquo;\u00e0 votre d\u00e9part \u00e0 la retraite Formations dont vous pouvez b\u00e9n\u00e9ficier personnellement. Le compte personnel de formation (CPF) est accessible sur le t\u00e9l\u00e9service Mon compte [&hellip;]<\/p>\n","protected":false},"author":1,"featured_media":0,"parent":0,"menu_order":0,"comment_status":"closed","ping_status":"closed","template":"","meta":{"footnotes":""},"class_list":["post-11","page","type-page","status-publish","hentry","no-post-thumbnail"],"_links":{"self":[{"href":"http:\/\/www.bsforma.com\/bsf\/wp-json\/wp\/v2\/pages\/11"}],"collection":[{"href":"http:\/\/www.bsforma.com\/bsf\/wp-json\/wp\/v2\/pages"}],"about":[{"href":"http:\/\/www.bsforma.com\/bsf\/wp-json\/wp\/v2\/types\/page"}],"author":[{"embeddable":true,"href":"http:\/\/www.bsforma.com\/bsf\/wp-json\/wp\/v2\/users\/1"}],"replies":[{"embeddable":true,"href":"http:\/\/www.bsforma.com\/bsf\/wp-json\/wp\/v2\/comments?post=11"}],"version-history":[{"count":12,"href":"http:\/\/www.bsforma.com\/bsf\/wp-json\/wp\/v2\/pages\/11\/revisions"}],"predecessor-version":[{"id":1220,"href":"http:\/\/www.bsforma.com\/bsf\/wp-json\/wp\/v2\/pages\/11\/revisions\/1220"}],"wp:attachment":[{"href":"http:\/\/www.bsforma.com\/bsf\/wp-json\/wp\/v2\/media?parent=11"}],"curies":[{"name":"wp","href":"https:\/\/api.w.org\/{rel}","templated":true}]}}

Pour Salarié

<p>[vc_row][vc_column][vc_row_inner][vc_column_inner width= »1/6&Prime;][/vc_column_inner][vc_column_inner width= »2/3&Prime;][vc_column_text]</p>
<h3 class="no-margin-top" style="text-align: center;">CPF</h3>
<p>[/vc_column_text][/vc_column_inner][vc_column_inner width= »1/6&Prime;][/vc_column_inner][/vc_row_inner][vc_empty_space height= »40px »][vc_row_inner][vc_column_inner width= »1/2&Prime;][vc_column_text]</p>
<p class="SCNT" align="justify">Le compte personnel de formation (CPF),</p>
<p>le CPF recense les informations suivantes :</p>
<ul>
<li>Droits acquis tout au long de votre vie active et jusqu&rsquo;à votre départ à la retraite</li>
<li>Formations dont vous pouvez bénéficier personnellement.</li>
</ul>
<p>Le compte personnel de formation (CPF) est accessible sur le téléservice Mon compte formation.</p>
<p>Le CPF est alimenté automatiquement au début de l&rsquo;année qui suit l&rsquo;année travaillée.</p>
<div class="bloc-exemple">
<p class="exemple-content"><span class="exemple-title">Exemple :</span></p>
<p>Les droits acquis en 2021 sont disponibles au 1<sup>er</sup> trimestre 2022.</p>
</div>
<p>Les droits restent acquis même si vous changez d&#8217;employeur ou que vous perdez votre emploi.</p>
<div>
<h3 class="fiche-title-1">Alimentation</h3>
<p>Si vous êtes à temps plein, ou au moins à mi-temps, l&rsquo;alimentation de votre compte se fait à hauteur de <span class="prix">500 €</span> par année de travail jusqu&rsquo;à atteindre <span class="prix">5 000 €</span> maximum.</p>
</div>
<p class="SCNT" align="justify">Pour un salarié à temps partiel, l&rsquo;alimentation du compte est calculée proportionnellement au temps de travail effectué, sous réserve de dispositions plus favorables prévues par un accord collectif d&rsquo;entreprise ou de branche.</p>
<p>[/vc_column_text][/vc_column_inner][vc_column_inner width= »1/2&Prime;][vc_single_image image= »382&Prime; img_size= »full »][/vc_column_inner][/vc_row_inner][vc_empty_space height= »60px »][/vc_column][/vc_row]</p>

<p>[vc_row][vc_column][vc_row_inner][vc_column_inner width= »1/6&Prime;][/vc_column_inner][vc_column_inner width= »2/3&Prime;][vc_column_text] CPF [/vc_column_text][/vc_column_inner][vc_column_inner width= »1/6&Prime;][/vc_column_inner][/vc_row_inner][vc_empty_space height= »40px »][vc_row_inner][vc_column_inner width= »1/2&Prime;][vc_column_text] Le compte personnel de formation (CPF), le CPF recense les informations suivantes : Droits acquis tout au long de votre vie active et jusqu&rsquo;à votre départ à la retraite Formations dont vous pouvez bénéficier personnellement. Le compte personnel de formation (CPF) est accessible sur le téléservice Mon compte [&hellip;]</p>
